-18 = 3*y. Calculate x(s).
6
Let r(y) = 21*y**2 + 11*y - 6. Let v(w) = -4*w**2 + w + 1. Let z(a) = r(a) + 6*v(a). Give z(5).
10
Let w(r) be the second derivative of -2 + 1/6*r**3 + 4*r + 8*r**2. Determine w(0).
16
Let z = -3 + -3. Suppose -47*s + 48*s = 263. Let g(k) = 7 - 532*k**2 + s*k**2 + 8*k + 270*k**2. Give g(z).
-5
Let a(q) = -q**3 - 6*q**2 - 3*q - 1. Suppose 36 + 220 = 4*b. Let w = 103 - b. Let x = 34 - w. What is a(x)?
-11
Let y(p) = 12*p + 12. Let v(g) = -17*g - 15. Let k(z) = 5*v(z) + 6*y(z). Calculate k(-2).
23
Suppose -4*n + 2*h = 16, -7*n - h - 16 = -3*n. Let t(s) = -5*s - 5. Let f(y) = y**2 + 38*y + 35. Let r(m) = -f(m) - 7*t(m). Give r(n).
-4
Let r(y) = -15*y + 78. Let s be r(0). Let f(v) = 7 - s*v - 4 + 68*v + 9 + v**2. What is f(8)?
-4
Let a(p) = 5*p + 204. Let v(t) = -t - 54. Let y(z) = -a(z) - 4*v(z). Determine y(1).
11
Let o = -44849 - -44853. Let p(h) be the first derivative of -2/3*h**3 + h**2 + 3/4*h**o + h - 48. Give p(2).
21
Let v(n) = 9*n**2 - 3*n + 9. Let a(j) = 16*j**2 - 6*j + 17. Let q be -25 - -23 - (-12)/2. Let z(x) = q*a(x) - 7*v(x). What is z(0)?
5
Let l(p) = -p**3 + 20*p**2 - 49*p - 36. Let d be (-17)/((-68)/(-24)) + (-1 - 2 - -26). What is l(d)?
-2
Let d(k) = k + 11 - 4*k + 12*k**2 + k - 15*k**2 + 5*k**2. Determine d(-5).
71
Let y = 106 + -104. Let c(r) = 0*r - 3*r + 11*r. Calculate c(y).
16
Let o(l) be the second derivative of 35*l**3/6 + 11*l**2 - 1012*l - 2. Determine o(-1).
-13
Let v(l) = 13*l - 215. Let c = -8289 + 8306. Give v(c).
6
Let m(w) = w**3 + 23*w**2 + 34*w + 264. Let g be m(-22). Let l(x) be the third derivative of -1/30*x**5 + 0*x + 3*x**2 + g*x**3 + 0*x**4 + 0. What is l(-2)?
-8
Let n be -4 - 1 - (1 - 2). Let g(s) = -s**3 + 12*s**2 + 29 - 11*s**2 + 23 - 54 - 3*s**2 + 0*s**3 - 6*s. Give g(n).
54
Suppose 5*z + 46 = 26. Let b(t) = 5 - t**3 - 1010*t**2 + 505*t**2 + 501*t**2. What is b(z)?
5
Let y = -40 - -45. Let o(w) = -16*w**2 + 105*w - 107*w + w**3 + 11 + y*w**2. Calculate o(11).
-11
Let i(c) = c + 14. Let q = 26891 + -26889. What is i(q)?
16
Suppose 83*l - 76*l = 889. Let k(g) = 1 - 123*g**2 + l*g**2 + 4*g + 1. What is k(-1)?
2
Let l(m) = -11*m**2 + 13*m - 7. Let c(d) = 19*d**2 - 24*d + 13. Let w(x) = -4*c(x) - 7*l(x). Determine w(-5).
-3
Let j(m) = 35*m + 47*m - 25 + 31*m - 112*m. Determine j(0).
-25
Let w = -213 - -216. Let h(y) = -2 - w*y + 7*y**2 - 8*y**2 - 4*y + 0*y**2. Calculate h(-5).
8
Let a(d) be the second derivative of d**5/20 - d**4/24 - 10*d**3/3 + 17*d. Let k(g) be the second derivative of a(g). Let y = -6 - -7. Give k(y).
5
Let l(r) be the second derivative of 11*r**6/120 + r**4/24 - r**3/6 - 25*r**2/2 + 56*r. Let j(m) be the first derivative of l(m). Give j(1).
11
Suppose 2*w + 2*n = -8, -15 - 9 = -4*w + 4*n. Let m be 1/((w*-2)/(-12)). Let g(j) = -132725*j - 14 + 66362*j + 66364*j. What is g(m)?
-8
Suppose 2*j + 304 = -17*j. Let n(i) = 5*i**2 - 10*i + 10. Let u(m) = 4*m**2 - 11*m + 9. Let o(b) = -5*n(b) + 6*u(b). Calculate o(j).
4
Let x = 5371 + -5379. Let g(y) = -y**2 - 4*y - 16. Give g(x).
-48
Let w(h) = -1 + 0*h + 4 + h. Let k(i) be the third derivative of i**5/60 + 7*i**4/12 - 2*i**3 + 3*i**2 + 2. Let d be k(-15). Determine w(d).
6
Let f(s) be the second derivative of s**6/720 + s**5/24 + 5*s**4/12 - 2*s**3 - s + 35. Let p(t) be the third derivative of f(t). Give p(5).
10
Suppose -f = -5*n + 84, 4*n - 4*f + 9*f = 44. Let m = -18 + n. Let z(l) be the second derivative of l**5/20 - l**3/6 + l**2/2 - 5*l + 9. Calculate z(m).
-5
Let v(q) be the first derivative of 2*q**3/3 + q**2/2 - q + 487. Let b(n) = n**2 + 8*n - 22. Let x be b(-10). Give v(x).
5
Let x(g) = g**3 + 3*g**2 - 4*g - 4. Suppose 2*z - 46 = -5*v, v + 58 = 4*z - 2*z. Suppose 6*y + y = -z. Determine x(y).
-4
Suppose 38 - 2 = 4*h. Let s(j) be the first derivative of -j**4/4 + 10*j**3/3 - 9*j**2/2 - 5*j - 3354. Give s(h).
-5
Let j(m) = 163*m - m**2 + 2 + 3 + 165*m - 341*m. Let s(z) = -z**3 - 7*z**2 - 8*z - 3. Let k be s(-5). What is j(k)?
5
Let v(u) = 7*u**2 - 3*u**2 - 16*u + 10 - 18. Let d(x) = -5*x**2 + 17*x + 8. Let c(s) = -5*d(s) - 6*v(s). Suppose 5766*o = 5809*o + 387. Give c(o).
-10
Let f(x) = -9*x**2 - 4*x - 3. Let r(g) = -6 - g**2 + 12*g**2 + 9 - 1 + 3*g. Let p(j) = 5*f(j) + 4*r(j). Give p(-7).
0
Suppose 15*a + 66*a = -567. Let m(f) = 2*f**2 - 4*f - 15. Determine m(a).
111
Let u(k) = -k**2 + 10*k. Let d(t) = -3*t**2 + 34*t. Let s(x) = -2*d(x) + 7*u(x). What is s(0)?
0
Suppose 3696 = -6*j + 3576. Let r(t) = -t - 18. Calculate r(j).
2
Let n(g) = -g**3 + g**2 + 7*g + 6. Let j(k) = k**3 + k**2 - 7*k. Let c(p) = -2*j(p) - n(p). Calculate c(-5).
9
Let k(g) be the third derivative of g**9/2160 + 11*g**5/20 - g**2 + g. Let h(c) be the third derivative of k(c). What is h(-1)?
-28
Let i(f) = -3*f**3 + 6*f**2 - 5*f. Let k be i(2). Let c be (-12 - 132/k)/((-2)/(-5)). Let p(h) = h**3 - 2*h**2 + h + 3. What is p(c)?
15
Let k be 7/((-42)/(-12)) - (2 + 1). Let m(j) = -7*j**3 - 10*j**2 - 11*j - 2. Let w be m(k). Let o(d) = -d**2 + 9*d - 8. Give o(w).
10
Suppose 6 - 2 = -a - n, 4*a = -n - 22. Let z(w) be the second derivative of -w**4/12 - 2*w**3/3 - w**2/2 + 294*w + 1. Determine z(a).
-13
Let v(p) be the first derivative of p**6/120 - p**5/20 + p**4/6 - 5*p**3/6 - 23*p**2 - 86. Let s(z) be the second derivative of v(z). Give s(2).
-1
Suppose -j - 3149 = 4*j - 3159. Let c(t) = 2*t**3 - 6*t**2 + 6*t - 4. Determine c(j).
0
Let w be (-16)/(32/(-6)) + 8*-1. Suppose 5*f + 1 = -14. Let r(g) = 2*g**2 - 6*g + 7. Let u(o) = -3*o**2 + 13*o - 13. Let v(m) = f*u(m) + w*r(m). What is v(-10)?
-6
Let w be (5 - -19) + (6/(-3) - 0). Let u = 54 - w. Let g(c) = -3 - u*c + 6*c**3 + 4 + 31*c. Determine g(1).
6
Let u(t) = t**2 - 11. Let h(n) be the second derivative of n**4/12 - 13*n**2/2 + 17*n. Let b(k) = 5*h(k) - 6*u(k). What is b(1)?
0
Let k(s) = -10*s + 8 + 18*s - 7*s + s - 6*s. Calculate k(10).
-32
Let u(j) = 4*j + 132. Let h(q) = q + 131. Let f(i) = 3*h(i) - 4*u(i). Let p be f(-11). Let c(s) = -s**3 + 8*s**2 + s. Determine c(p).
8
Let m(l) be the third derivative of -38*l**2 + 3/4*l**4 + 0*l**3 + 0*l - 2. Calculate m(-1).
-18
Let c(h) = -h**3 - 4*h**2 + 5*h - 8. Let f be c(-5). Let i(l) = 3 + 18 - 2*l - 5*l**2 - l**3 - 33 - 3*l**2. Give i(f).
4
Let a(v) = 5*v - 8. Let s(y) = 11*y - 17. Let b(z) = 9*a(z) - 4*s(z). Let r(u) = 5*u**3 - 2*u**2 - 2*u - 1. Let c = -15 - -14. Let l be r(c). Determine b(l).
-10
Let d(l) = l - 8. Let a = 843 + -847. Give d(a).
-12
Let z(b) = -b**3 + 30*b**2 + 18*b - 29. Let i(s) = -2*s**3 + 59*s**2 + 38*s - 61. Let h(m) = -5*i(m) + 9*z(m). Give h(26).
-8
Let a(y) = y**3 - 11*y**2 + 20*y - 13. Let g be a(9). Let u(s) = -6 - 5 - s + 15 - g. Calculate u(-4).
3
Let n(b) = 7*b**2 + 15*b + 5. Let o(d) = -4 + 321*d + 313*d - 647*d - 5*d**2. Let i(q) = 2*n(q) + 3*o(q). Give i(-6).
16
Let h(f) = -6*f**3 - 9*f + 5 + 13*f + 16*f**2 + 14*f - 2*f**3 + 7*f**3. Determine h(17).
22
Let w(c) = -3*c**2 - 18*c + 16. Let u(p) = -2*p**2 - 12*p + 11. Let o(v) = 7*u(v) - 5*w(v). Let g = 9096 - 9102. Determine o(g).
-3
Let n(v) = -16*v + 21 + 0*v + 1 - v**2 - 6. Let o be n(-17). Let i(l) = -18*l - 1. Give i(o).
17
Let x(m) = 2*m - 4. Let s(l) = -l + 2. Let a(d) = 5*s(d) + 3*x(d). Let z = -27578 - -27584. Give a(z).
4
Let n(y) = 2*y - 31. Let x(c) = -24*c + 4. Let j be x(-1). Let w = j + -31. Let p(u) = u - 15. Let h(l) = w*n(l) + 7*p(l). What is h(5)?
-7
Let r(n) = 3*n + 2. Let f = 82 - 119. Let t = f - -72. Let v = -37 + t. What is r(v)?
-4
Let f(p) = -p - 12. Let h = -29 + 24. Let a be f(h). Let r(v) be the first derivative of -v**4/4 - 8*v**3/3 - 2*v**2 - v - 1. Calculate r(a).
-22
Suppose 4*n = m - 23, -n + 76 = 3*m - 19. Suppose -28*b = -m + 87. Let x(y) = -17*y - 2. Determine x(b).
32
Let t(m) = 15 - 19*m + 47*m - 24*m. Give t(-16).
-49
Let c(p) = p**3 - p**2 - 30*p. Let f = -17325 - -17320. What is c(f)?
0
Let o(w) = -10*w**2 + 5*w - 24. Let c be o(4). Let d = -170 - c. Let k(b) be the third derivative of b**4/12 + 5*b**3/6 + 5*b**2. Give k(d).
-7
Let o(w) = w**3 + 11*w**2 + 15*w + 15. Suppose m = n + 175 - 164, 3*n + 26 = -4*m. Calculate o(n).
-35
Let b = 40325 + -40336. Let k(v) = 0 - 1 - 1 + v. What is k(b)?
-13
Let d(i) be the third derivative of -i**8/6720 - i**7/2520 - i**6/360 - i**5/120 - 31*i**4/24 + 19*i**2. Let k(z) b